{"id":154142,"date":"2026-04-08T17:50:51","date_gmt":"2026-04-08T15:50:51","guid":{"rendered":"https:\/\/www.snek.se\/rendez-vous-fredrik\/"},"modified":"2026-04-09T06:59:46","modified_gmt":"2026-04-09T04:59:46","slug":"rendez-vous-fredrik","status":"publish","type":"page","link":"https:\/\/www.snek.se\/fr\/rendez-vous-fredrik\/","title":{"rendered":"Rendez-vous avec Fredrik"},"content":{"rendered":"\t\t<div data-elementor-type=\"wp-page\" data-elementor-id=\"154142\" class=\"elementor elementor-154142 elementor-25508\" data-elementor-post-type=\"page\">\n\t\t\t\t<div class=\"elementor-element elementor-element-f902dbf e-flex e-con-boxed e-con e-parent\" data-id=\"f902dbf\" data-element_type=\"container\" data-e-type=\"container\">\n\t\t\t\t\t<div class=\"e-con-inner\">\n\t\t<div class=\"elementor-element elementor-element-636bcb4 e-con-full e-flex e-con e-child\" data-id=\"636bcb4\" data-element_type=\"container\" data-e-type=\"container\">\n\t\t\t\t<div class=\"elementor-element elementor-element-5d7fdb8 elementor-widget elementor-widget-heading\" data-id=\"5d7fdb8\" data-element_type=\"widget\" data-e-type=\"widget\" data-widget_type=\"heading.default\">\n\t\t\t\t<div class=\"elementor-widget-container\">\n\t\t\t\t\t<h2 class=\"elementor-heading-title elementor-size-default\">Prendre rendez-vous avec Fredrik<\/h2>\t\t\t\t<\/div>\n\t\t\t\t<\/div>\n\t\t\t\t<div class=\"elementor-element elementor-element-b2d845d elementor-widget__width-initial elementor-widget elementor-widget-text-editor\" data-id=\"b2d845d\" data-element_type=\"widget\" data-e-type=\"widget\" data-widget_type=\"text-editor.default\">\n\t\t\t\t<div class=\"elementor-widget-container\">\n\t\t\t\t\t\t\t\t\t<p style=\"text-align: center;\" data-start=\"230\" data-end=\"476\">Ici, vous pouvez facilement prendre rendez-vous avec Fredrik. Choisissez un cr\u00e9neau qui vous convient et nous prendrons la suite.<\/p>\n\t\t\t\t\t\t\t\t<\/div>\n\t\t\t\t<\/div>\n\t\t\t\t<\/div>\n\t\t\t\t\t<\/div>\n\t\t\t\t<\/div>\n\t\t<div class=\"elementor-element elementor-element-d799f2c e-con-full e-flex e-con e-parent\" data-id=\"d799f2c\" data-element_type=\"container\" data-e-type=\"container\" data-settings=\"{&quot;background_background&quot;:&quot;classic&quot;}\">\n\t\t<div class=\"elementor-element elementor-element-81630c2 e-con-full e-flex e-con e-child\" data-id=\"81630c2\" data-element_type=\"container\" data-e-type=\"container\">\n\t\t\t\t<div class=\"elementor-element elementor-element-80ec07a elementor-widget elementor-widget-text-editor\" data-id=\"80ec07a\" data-element_type=\"widget\" data-e-type=\"widget\" data-widget_type=\"text-editor.default\">\n\t\t\t\t<div class=\"elementor-widget-container\">\n\t\t\t\t\t\t\t\t\t<iframe src=\"https:\/\/www.snek.se\/fr\/wp-json\/ssa\/v1\/embed-inner?integration&#038;type=mote-med-fredrik&#038;label&#038;types=3&#038;edit&#038;view&#038;payment_provider&#038;ssa_locale=fr_FR&#038;ssa_is_rtl&#038;sid=168339bd69f98def320eef842ebc4e529f991ecc&#038;availability_start_date&#038;availability_end_date&#038;suggest_first_available&#038;suggest_first_available_within_minutes&#038;flow&#038;fallback_flow&#038;time_view&#038;date_view&#038;appointment_types_view&#038;version&#038;accent_color&#038;background&#038;padding&#038;font&#038;booking_url=https%3A%2F%2Fwww.snek.se%2Ffr%2Frendez-vous-fredrik%2F&#038;booking_post_id=154142&#038;booking_title=Rendez-vous+avec+Fredrik&#038;_wpnonce=6b4e1b3273&#038;redirect_post_id&#038;mepr_membership_id#\/\" height=\"400px\" width=\"100%\" name=\"ssa_booking\" loading=\"eager\" frameborder=\"0\" data-skip-lazy=\"1\" class=\"ssa_booking_iframe skip-lazy\" title=\"R\u00e9servez une heure\"><\/iframe>\n\t\t\t\t\t\t\t\t<\/div>\n\t\t\t\t<\/div>\n\t\t\t\t<\/div>\n\t\t\t\t<\/div>\n\t\t\t\t<\/div>\n\t\t","protected":false},"excerpt":{"rendered":"<p>R\u00e9servez un rendez-vous med Fredrik Ici vous pouvez facilement r\u00e9server un rendez-vous avec Fredrik. Choisissez un cr\u00e9neau qui vous convient, et nous prendrons la suite \u00e0 partir de l\u00e0. \u00a0<\/p>\n","protected":false},"author":0,"featured_media":0,"parent":0,"menu_order":0,"comment_status":"closed","ping_status":"closed","template":"elementor_canvas","meta":{"_acf_changed":false,"footnotes":""},"class_list":["post-154142","page","type-page","status-publish","hentry"],"acf":[],"yoast_head":"<!-- This site is optimized with the Yoast SEO plugin v27.3 - https:\/\/yoast.com\/product\/yoast-seo-wordpress\/ -->\n<title>Rendez-vous avec Fredrik | Sn\u00eak<\/title>\n<meta name=\"description\" content=\"Boka ett m\u00f6te med Fredrik. V\u00e4lj en tid som passar dig f\u00f6r att diskutera ditt k\u00f6ksprojekt.\" \/>\n<meta name=\"robots\" content=\"index, follow, max-snippet:-1, max-image-preview:large, max-video-preview:-1\" \/>\n<link rel=\"canonical\" href=\"https:\/\/www.snek.se\/fr\/rendez-vous-fredrik\/\" \/>\n<meta property=\"og:locale\" content=\"fr_FR\" \/>\n<meta property=\"og:type\" content=\"article\" \/>\n<meta property=\"og:title\" content=\"Rendez-vous avec Fredrik | Sn\u00eak\" \/>\n<meta property=\"og:description\" content=\"Boka ett m\u00f6te med Fredrik. V\u00e4lj en tid som passar dig f\u00f6r att diskutera ditt k\u00f6ksprojekt.\" \/>\n<meta property=\"og:url\" content=\"https:\/\/www.snek.se\/fr\/rendez-vous-fredrik\/\" \/>\n<meta property=\"og:site_name\" content=\"Sn\u00eak\" \/>\n<meta property=\"article:publisher\" content=\"https:\/\/www.facebook.com\/snekkitchens\/\" \/>\n<meta property=\"article:modified_time\" content=\"2026-04-09T04:59:46+00:00\" \/>\n<meta name=\"twitter:card\" content=\"summary_large_image\" \/>\n<meta name=\"twitter:label1\" content=\"Dur\u00e9e de lecture estim\u00e9e\" \/>\n\t<meta name=\"twitter:data1\" content=\"1 minute\" \/>\n<script type=\"application\/ld+json\" class=\"yoast-schema-graph\">{\"@context\":\"https:\\\/\\\/schema.org\",\"@graph\":[{\"@type\":\"WebPage\",\"@id\":\"https:\\\/\\\/www.snek.se\\\/fr\\\/rendez-vous-fredrik\\\/\",\"url\":\"https:\\\/\\\/www.snek.se\\\/fr\\\/rendez-vous-fredrik\\\/\",\"name\":\"Rendez-vous avec Fredrik | Sn\u00eak\",\"isPartOf\":{\"@id\":\"https:\\\/\\\/www.snek.se\\\/fr\\\/#website\"},\"datePublished\":\"2026-04-08T15:50:51+00:00\",\"dateModified\":\"2026-04-09T04:59:46+00:00\",\"description\":\"Boka ett m\u00f6te med Fredrik. V\u00e4lj en tid som passar dig f\u00f6r att diskutera ditt k\u00f6ksprojekt.\",\"breadcrumb\":{\"@id\":\"https:\\\/\\\/www.snek.se\\\/fr\\\/rendez-vous-fredrik\\\/#breadcrumb\"},\"inLanguage\":\"fr-FR\",\"potentialAction\":[{\"@type\":\"ReadAction\",\"target\":[\"https:\\\/\\\/www.snek.se\\\/fr\\\/rendez-vous-fredrik\\\/\"]}]},{\"@type\":\"BreadcrumbList\",\"@id\":\"https:\\\/\\\/www.snek.se\\\/fr\\\/rendez-vous-fredrik\\\/#breadcrumb\",\"itemListElement\":[{\"@type\":\"ListItem\",\"position\":1,\"name\":\"Hem\",\"item\":\"https:\\\/\\\/www.snek.se\\\/fr\\\/\"},{\"@type\":\"ListItem\",\"position\":2,\"name\":\"Rendez-vous avec Fredrik\"}]},{\"@type\":\"WebSite\",\"@id\":\"https:\\\/\\\/www.snek.se\\\/fr\\\/#website\",\"url\":\"https:\\\/\\\/www.snek.se\\\/fr\\\/\",\"name\":\"Sn\u00eak\",\"description\":\"Cuisines artisanales du Norrbotten\",\"publisher\":{\"@id\":\"https:\\\/\\\/www.snek.se\\\/fr\\\/#organization\"},\"potentialAction\":[{\"@type\":\"SearchAction\",\"target\":{\"@type\":\"EntryPoint\",\"urlTemplate\":\"https:\\\/\\\/www.snek.se\\\/fr\\\/?s={search_term_string}\"},\"query-input\":{\"@type\":\"PropertyValueSpecification\",\"valueRequired\":true,\"valueName\":\"search_term_string\"}}],\"inLanguage\":\"fr-FR\"},{\"@type\":\"Organization\",\"@id\":\"https:\\\/\\\/www.snek.se\\\/fr\\\/#organization\",\"name\":\"Sn\u00eak\",\"url\":\"https:\\\/\\\/www.snek.se\\\/fr\\\/\",\"logo\":{\"@type\":\"ImageObject\",\"inLanguage\":\"fr-FR\",\"@id\":\"https:\\\/\\\/www.snek.se\\\/fr\\\/#\\\/schema\\\/logo\\\/image\\\/\",\"url\":\"https:\\\/\\\/www.snek.se\\\/wp-content\\\/uploads\\\/2026\\\/01\\\/snek-logotyp-insta-scaled.jpg\",\"contentUrl\":\"https:\\\/\\\/www.snek.se\\\/wp-content\\\/uploads\\\/2026\\\/01\\\/snek-logotyp-insta-scaled.jpg\",\"width\":2560,\"height\":2560,\"caption\":\"Sn\u00eak\"},\"image\":{\"@id\":\"https:\\\/\\\/www.snek.se\\\/fr\\\/#\\\/schema\\\/logo\\\/image\\\/\"},\"sameAs\":[\"https:\\\/\\\/www.facebook.com\\\/snekkitchens\\\/\",\"https:\\\/\\\/www.instagram.com\\\/snek.kok\\\/\",\"https:\\\/\\\/www.linkedin.com\\\/company\\\/snek-kok\\\/\",\"https:\\\/\\\/se.pinterest.com\\\/SnekKitchens\\\/\",\"https:\\\/\\\/www.youtube.com\\\/channel\\\/UCT9DWn-4DMpKHHqbRXV4bZQ\\\/\"]}]}<\/script>\n<!-- \/ Yoast SEO plugin. -->","yoast_head_json":{"title":"Rendez-vous avec Fredrik | Sn\u00eak","description":"Boka ett m\u00f6te med Fredrik. V\u00e4lj en tid som passar dig f\u00f6r att diskutera ditt k\u00f6ksprojekt.","robots":{"index":"index","follow":"follow","max-snippet":"max-snippet:-1","max-image-preview":"max-image-preview:large","max-video-preview":"max-video-preview:-1"},"canonical":"https:\/\/www.snek.se\/fr\/rendez-vous-fredrik\/","og_locale":"fr_FR","og_type":"article","og_title":"Rendez-vous avec Fredrik | Sn\u00eak","og_description":"Boka ett m\u00f6te med Fredrik. V\u00e4lj en tid som passar dig f\u00f6r att diskutera ditt k\u00f6ksprojekt.","og_url":"https:\/\/www.snek.se\/fr\/rendez-vous-fredrik\/","og_site_name":"Sn\u00eak","article_publisher":"https:\/\/www.facebook.com\/snekkitchens\/","article_modified_time":"2026-04-09T04:59:46+00:00","twitter_card":"summary_large_image","twitter_misc":{"Dur\u00e9e de lecture estim\u00e9e":"1 minute"},"schema":{"@context":"https:\/\/schema.org","@graph":[{"@type":"WebPage","@id":"https:\/\/www.snek.se\/fr\/rendez-vous-fredrik\/","url":"https:\/\/www.snek.se\/fr\/rendez-vous-fredrik\/","name":"Rendez-vous avec Fredrik | Sn\u00eak","isPartOf":{"@id":"https:\/\/www.snek.se\/fr\/#website"},"datePublished":"2026-04-08T15:50:51+00:00","dateModified":"2026-04-09T04:59:46+00:00","description":"Boka ett m\u00f6te med Fredrik. V\u00e4lj en tid som passar dig f\u00f6r att diskutera ditt k\u00f6ksprojekt.","breadcrumb":{"@id":"https:\/\/www.snek.se\/fr\/rendez-vous-fredrik\/#breadcrumb"},"inLanguage":"fr-FR","potentialAction":[{"@type":"ReadAction","target":["https:\/\/www.snek.se\/fr\/rendez-vous-fredrik\/"]}]},{"@type":"BreadcrumbList","@id":"https:\/\/www.snek.se\/fr\/rendez-vous-fredrik\/#breadcrumb","itemListElement":[{"@type":"ListItem","position":1,"name":"Hem","item":"https:\/\/www.snek.se\/fr\/"},{"@type":"ListItem","position":2,"name":"Rendez-vous avec Fredrik"}]},{"@type":"WebSite","@id":"https:\/\/www.snek.se\/fr\/#website","url":"https:\/\/www.snek.se\/fr\/","name":"Sn\u00eak","description":"Cuisines artisanales du Norrbotten","publisher":{"@id":"https:\/\/www.snek.se\/fr\/#organization"},"potentialAction":[{"@type":"SearchAction","target":{"@type":"EntryPoint","urlTemplate":"https:\/\/www.snek.se\/fr\/?s={search_term_string}"},"query-input":{"@type":"PropertyValueSpecification","valueRequired":true,"valueName":"search_term_string"}}],"inLanguage":"fr-FR"},{"@type":"Organization","@id":"https:\/\/www.snek.se\/fr\/#organization","name":"Sn\u00eak","url":"https:\/\/www.snek.se\/fr\/","logo":{"@type":"ImageObject","inLanguage":"fr-FR","@id":"https:\/\/www.snek.se\/fr\/#\/schema\/logo\/image\/","url":"https:\/\/www.snek.se\/wp-content\/uploads\/2026\/01\/snek-logotyp-insta-scaled.jpg","contentUrl":"https:\/\/www.snek.se\/wp-content\/uploads\/2026\/01\/snek-logotyp-insta-scaled.jpg","width":2560,"height":2560,"caption":"Sn\u00eak"},"image":{"@id":"https:\/\/www.snek.se\/fr\/#\/schema\/logo\/image\/"},"sameAs":["https:\/\/www.facebook.com\/snekkitchens\/","https:\/\/www.instagram.com\/snek.kok\/","https:\/\/www.linkedin.com\/company\/snek-kok\/","https:\/\/se.pinterest.com\/SnekKitchens\/","https:\/\/www.youtube.com\/channel\/UCT9DWn-4DMpKHHqbRXV4bZQ\/"]}]}},"_links":{"self":[{"href":"https:\/\/www.snek.se\/fr\/wp-json\/wp\/v2\/pages\/154142","targetHints":{"allow":["GET"]}}],"collection":[{"href":"https:\/\/www.snek.se\/fr\/wp-json\/wp\/v2\/pages"}],"about":[{"href":"https:\/\/www.snek.se\/fr\/wp-json\/wp\/v2\/types\/page"}],"replies":[{"embeddable":true,"href":"https:\/\/www.snek.se\/fr\/wp-json\/wp\/v2\/comments?post=154142"}],"version-history":[{"count":5,"href":"https:\/\/www.snek.se\/fr\/wp-json\/wp\/v2\/pages\/154142\/revisions"}],"predecessor-version":[{"id":155506,"href":"https:\/\/www.snek.se\/fr\/wp-json\/wp\/v2\/pages\/154142\/revisions\/155506"}],"wp:attachment":[{"href":"https:\/\/www.snek.se\/fr\/wp-json\/wp\/v2\/media?parent=154142"}],"curies":[{"name":"wp","href":"https:\/\/api.w.org\/{rel}","templated":true}]}}

<div data-elementor-type="wp-page" data-elementor-id="154142" class="elementor elementor-154142 elementor-25508" data-elementor-post-type="page">
				<div class="elementor-element elementor-element-f902dbf e-flex e-con-boxed e-con e-parent" data-id="f902dbf" data-element_type="container" data-e-type="container">
					<div class="e-con-inner">
		<div class="elementor-element elementor-element-636bcb4 e-con-full e-flex e-con e-child" data-id="636bcb4" data-element_type="container" data-e-type="container">
				<div class="elementor-element elementor-element-5d7fdb8 elementor-widget elementor-widget-heading" data-id="5d7fdb8" data-element_type="widget" data-e-type="widget" data-widget_type="heading.default">
				<div class="elementor-widget-container">
					<h2 class="elementor-heading-title elementor-size-default">Prendre rendez-vous avec Fredrik</h2>				</div>
				</div>
				<div class="elementor-element elementor-element-b2d845d elementor-widget__width-initial elementor-widget elementor-widget-text-editor" data-id="b2d845d" data-element_type="widget" data-e-type="widget" data-widget_type="text-editor.default">
				<div class="elementor-widget-container">
									<p style="text-align: center;" data-start="230" data-end="476">Ici, vous pouvez facilement prendre rendez-vous avec Fredrik. Choisissez un créneau qui vous convient et nous prendrons la suite.</p>
								</div>
				</div>
				</div>
					</div>
				</div>
		<div class="elementor-element elementor-element-d799f2c e-con-full e-flex e-con e-parent" data-id="d799f2c" data-element_type="container" data-e-type="container" data-settings="{&quot;background_background&quot;:&quot;classic&quot;}">
		<div class="elementor-element elementor-element-81630c2 e-con-full e-flex e-con e-child" data-id="81630c2" data-element_type="container" data-e-type="container">
				<div class="elementor-element elementor-element-80ec07a elementor-widget elementor-widget-text-editor" data-id="80ec07a" data-element_type="widget" data-e-type="widget" data-widget_type="text-editor.default">
				<div class="elementor-widget-container">
									<iframe src="https://www.snek.se/fr/wp-json/ssa/v1/embed-inner?integration&#038;type=mote-med-fredrik&#038;label&#038;types=3&#038;edit&#038;view&#038;payment_provider&#038;ssa_locale=fr_FR&#038;ssa_is_rtl&#038;sid=168339bd69f98def320eef842ebc4e529f991ecc&#038;availability_start_date&#038;availability_end_date&#038;suggest_first_available&#038;suggest_first_available_within_minutes&#038;flow&#038;fallback_flow&#038;time_view&#038;date_view&#038;appointment_types_view&#038;version&#038;accent_color&#038;background&#038;padding&#038;font&#038;booking_url=https%3A%2F%2Fwww.snek.se%2Ffr%2Frendez-vous-fredrik%2F&#038;booking_post_id=154142&#038;booking_title=Rendez-vous+avec+Fredrik&#038;_wpnonce=6b4e1b3273&#038;redirect_post_id&#038;mepr_membership_id#/" height="400px" width="100%" name="ssa_booking" loading="eager" frameborder="0" data-skip-lazy="1" class="ssa_booking_iframe skip-lazy" title="Réservez une heure"></iframe>
								</div>
				</div>
				</div>
				</div>
				</div>

<p>Réservez un rendez-vous med Fredrik Ici vous pouvez facilement réserver un rendez-vous avec Fredrik. Choisissez un créneau qui vous convient, et nous prendrons la suite à partir de là.  </p>

<!-- This site is optimized with the Yoast SEO plugin v27.3 - https://yoast.com/product/yoast-seo-wordpress/ -->
<title>Rendez-vous avec Fredrik | Snêk</title>
<meta name="description" content="Boka ett möte med Fredrik. Välj en tid som passar dig för att diskutera ditt köksprojekt." />
<meta name="robots" content="index, follow, max-snippet:-1, max-image-preview:large, max-video-preview:-1" />
<link rel="canonical" href="https://www.snek.se/fr/rendez-vous-fredrik/" />
<meta property="og:locale" content="fr_FR" />
<meta property="og:type" content="article" />
<meta property="og:title" content="Rendez-vous avec Fredrik | Snêk" />
<meta property="og:description" content="Boka ett möte med Fredrik. Välj en tid som passar dig för att diskutera ditt köksprojekt." />
<meta property="og:url" content="https://www.snek.se/fr/rendez-vous-fredrik/" />
<meta property="og:site_name" content="Snêk" />
<meta property="article:publisher" content="https://www.facebook.com/snekkitchens/" />
<meta property="article:modified_time" content="2026-04-09T04:59:46+00:00" />
<meta name="twitter:card" content="summary_large_image" />
<meta name="twitter:label1" content="Durée de lecture estimée" />
	<meta name="twitter:data1" content="1 minute" />
<script type="application/ld+json" class="yoast-schema-graph">{"@context":"https:\/\/schema.org","@graph":[{"@type":"WebPage","@id":"https:\/\/www.snek.se\/fr\/rendez-vous-fredrik\/","url":"https:\/\/www.snek.se\/fr\/rendez-vous-fredrik\/","name":"Rendez-vous avec Fredrik | Snêk","isPartOf":{"@id":"https:\/\/www.snek.se\/fr\/#website"},"datePublished":"2026-04-08T15:50:51+00:00","dateModified":"2026-04-09T04:59:46+00:00","description":"Boka ett möte med Fredrik. Välj en tid som passar dig för att diskutera ditt köksprojekt.","breadcrumb":{"@id":"https:\/\/www.snek.se\/fr\/rendez-vous-fredrik\/#breadcrumb"},"inLanguage":"fr-FR","potentialAction":[{"@type":"ReadAction","target":["https:\/\/www.snek.se\/fr\/rendez-vous-fredrik\/"]}]},{"@type":"BreadcrumbList","@id":"https:\/\/www.snek.se\/fr\/rendez-vous-fredrik\/#breadcrumb","itemListElement":[{"@type":"ListItem","position":1,"name":"Hem","item":"https:\/\/www.snek.se\/fr\/"},{"@type":"ListItem","position":2,"name":"Rendez-vous avec Fredrik"}]},{"@type":"WebSite","@id":"https:\/\/www.snek.se\/fr\/#website","url":"https:\/\/www.snek.se\/fr\/","name":"Snêk","description":"Cuisines artisanales du Norrbotten","publisher":{"@id":"https:\/\/www.snek.se\/fr\/#organization"},"potentialAction":[{"@type":"SearchAction","target":{"@type":"EntryPoint","urlTemplate":"https:\/\/www.snek.se\/fr\/?s={search_term_string}"},"query-input":{"@type":"PropertyValueSpecification","valueRequired":true,"valueName":"search_term_string"}}],"inLanguage":"fr-FR"},{"@type":"Organization","@id":"https:\/\/www.snek.se\/fr\/#organization","name":"Snêk","url":"https:\/\/www.snek.se\/fr\/","logo":{"@type":"ImageObject","inLanguage":"fr-FR","@id":"https:\/\/www.snek.se\/fr\/#\/schema\/logo\/image\/","url":"https:\/\/www.snek.se\/wp-content\/uploads\/2026\/01\/snek-logotyp-insta-scaled.jpg","contentUrl":"https:\/\/www.snek.se\/wp-content\/uploads\/2026\/01\/snek-logotyp-insta-scaled.jpg","width":2560,"height":2560,"caption":"Snêk"},"image":{"@id":"https:\/\/www.snek.se\/fr\/#\/schema\/logo\/image\/"},"sameAs":["https:\/\/www.facebook.com\/snekkitchens\/","https:\/\/www.instagram.com\/snek.kok\/","https:\/\/www.linkedin.com\/company\/snek-kok\/","https:\/\/se.pinterest.com\/SnekKitchens\/","https:\/\/www.youtube.com\/channel\/UCT9DWn-4DMpKHHqbRXV4bZQ\/"]}]}</script>
<!-- / Yoast SEO plugin. -->

Rendez-vous avec Fredrik | Snêk

Boka ett möte med Fredrik. Välj en tid som passar dig för att diskutera ditt köksprojekt.

Snêk
