{"id":155289,"date":"2026-04-08T19:16:00","date_gmt":"2026-04-08T17:16:00","guid":{"rendered":"https:\/\/www.snek.se\/treffen-mit-fredrik\/"},"modified":"2026-04-09T00:08:11","modified_gmt":"2026-04-08T22:08:11","slug":"treffen-mit-fredrik","status":"publish","type":"page","link":"https:\/\/www.snek.se\/de\/treffen-mit-fredrik\/","title":{"rendered":"Treffen mit Fredrik"},"content":{"rendered":"\t\t<div data-elementor-type=\"wp-page\" data-elementor-id=\"155289\" class=\"elementor elementor-155289 elementor-25508\" data-elementor-post-type=\"page\">\n\t\t\t\t<div class=\"elementor-element elementor-element-f902dbf e-flex e-con-boxed e-con e-parent\" data-id=\"f902dbf\" data-element_type=\"container\" data-e-type=\"container\">\n\t\t\t\t\t<div class=\"e-con-inner\">\n\t\t<div class=\"elementor-element elementor-element-636bcb4 e-con-full e-flex e-con e-child\" data-id=\"636bcb4\" data-element_type=\"container\" data-e-type=\"container\">\n\t\t\t\t<div class=\"elementor-element elementor-element-5d7fdb8 elementor-widget elementor-widget-heading\" data-id=\"5d7fdb8\" data-element_type=\"widget\" data-e-type=\"widget\" data-widget_type=\"heading.default\">\n\t\t\t\t<div class=\"elementor-widget-container\">\n\t\t\t\t\t<h2 class=\"elementor-heading-title elementor-size-default\">Termin buchen mit Fredrik<\/h2>\t\t\t\t<\/div>\n\t\t\t\t<\/div>\n\t\t\t\t<div class=\"elementor-element elementor-element-b2d845d elementor-widget__width-initial elementor-widget elementor-widget-text-editor\" data-id=\"b2d845d\" data-element_type=\"widget\" data-e-type=\"widget\" data-widget_type=\"text-editor.default\">\n\t\t\t\t<div class=\"elementor-widget-container\">\n\t\t\t\t\t\t\t\t\t<p style=\"text-align: center;\" data-start=\"230\" data-end=\"476\">Hier k\u00f6nnen Sie ganz einfach einen Termin mit Fredrik buchen. W\u00e4hlen Sie eine Zeit, die Ihnen passt, und wir nehmen es von dort.<\/p>\t\t\t\t\t\t\t\t<\/div>\n\t\t\t\t<\/div>\n\t\t\t\t<\/div>\n\t\t\t\t\t<\/div>\n\t\t\t\t<\/div>\n\t\t<div class=\"elementor-element elementor-element-d799f2c e-con-full e-flex e-con e-parent\" data-id=\"d799f2c\" data-element_type=\"container\" data-e-type=\"container\" data-settings=\"{&quot;background_background&quot;:&quot;classic&quot;}\">\n\t\t<div class=\"elementor-element elementor-element-81630c2 e-con-full e-flex e-con e-child\" data-id=\"81630c2\" data-element_type=\"container\" data-e-type=\"container\">\n\t\t\t\t<div class=\"elementor-element elementor-element-80ec07a elementor-widget elementor-widget-text-editor\" data-id=\"80ec07a\" data-element_type=\"widget\" data-e-type=\"widget\" data-widget_type=\"text-editor.default\">\n\t\t\t\t<div class=\"elementor-widget-container\">\n\t\t\t\t\t\t\t\t\t<p>u00a0<iframe src=\"https:\/\/www.snek.se\/de\/wp-json\/ssa\/v1\/embed-inner?integration&#038;type=mote-med-fredrik&#038;label&#038;types=3&#038;edit&#038;view&#038;payment_provider&#038;ssa_locale=de_DE&#038;ssa_is_rtl&#038;sid=168339bd69f98def320eef842ebc4e529f991ecc&#038;availability_start_date&#038;availability_end_date&#038;suggest_first_available&#038;suggest_first_available_within_minutes&#038;flow&#038;fallback_flow&#038;time_view&#038;date_view&#038;appointment_types_view&#038;version&#038;accent_color&#038;background&#038;padding&#038;font&#038;booking_url=https%3A%2F%2Fwww.snek.se%2Fde%2Ftreffen-mit-fredrik%2F&#038;booking_post_id=155289&#038;booking_title=Treffen+mit+Fredrik&#038;_wpnonce=6b4e1b3273&#038;redirect_post_id&#038;mepr_membership_id#\/\" height=\"400px\" width=\"100%\" name=\"ssa_booking\" loading=\"eager\" frameborder=\"0\" data-skip-lazy=\"1\" class=\"ssa_booking_iframe skip-lazy\" title=\"Book a time\"><\/iframe><\/p>\t\t\t\t\t\t\t\t<\/div>\n\t\t\t\t<\/div>\n\t\t\t\t<\/div>\n\t\t\t\t<\/div>\n\t\t\t\t<\/div>\n\t\t","protected":false},"excerpt":{"rendered":"<p>Treffen mit Fredrik buchen Hier k\u00f6nnen Sie ganz einfach einen Termin mit Fredrik buchen. W\u00e4hlen Sie eine Zeit, die Ihnen passt, und wir nehmen es von dort. \u00a0<\/p>\n","protected":false},"author":0,"featured_media":0,"parent":0,"menu_order":0,"comment_status":"closed","ping_status":"closed","template":"elementor_canvas","meta":{"_acf_changed":false,"footnotes":""},"class_list":["post-155289","page","type-page","status-publish","hentry"],"acf":[],"yoast_head":"<!-- This site is optimized with the Yoast SEO plugin v27.3 - https:\/\/yoast.com\/product\/yoast-seo-wordpress\/ -->\n<title>Treffen mit Fredrik | Sn\u00eak<\/title>\n<meta name=\"description\" content=\"Boka ett m\u00f6te med Fredrik. V\u00e4lj en tid som passar dig f\u00f6r att diskutera ditt k\u00f6ksprojekt.\" \/>\n<meta name=\"robots\" content=\"index, follow, max-snippet:-1, max-image-preview:large, max-video-preview:-1\" \/>\n<link rel=\"canonical\" href=\"https:\/\/www.snek.se\/de\/treffen-mit-fredrik\/\" \/>\n<meta property=\"og:locale\" content=\"de_DE\" \/>\n<meta property=\"og:type\" content=\"article\" \/>\n<meta property=\"og:title\" content=\"Treffen mit Fredrik | Sn\u00eak\" \/>\n<meta property=\"og:description\" content=\"Boka ett m\u00f6te med Fredrik. V\u00e4lj en tid som passar dig f\u00f6r att diskutera ditt k\u00f6ksprojekt.\" \/>\n<meta property=\"og:url\" content=\"https:\/\/www.snek.se\/de\/treffen-mit-fredrik\/\" \/>\n<meta property=\"og:site_name\" content=\"Sn\u00eak\" \/>\n<meta property=\"article:publisher\" content=\"https:\/\/www.facebook.com\/snekkitchens\/\" \/>\n<meta property=\"article:modified_time\" content=\"2026-04-08T22:08:11+00:00\" \/>\n<meta name=\"twitter:card\" content=\"summary_large_image\" \/>\n<meta name=\"twitter:label1\" content=\"Est. reading time\" \/>\n\t<meta name=\"twitter:data1\" content=\"1 minute\" \/>\n<script type=\"application\/ld+json\" class=\"yoast-schema-graph\">{\"@context\":\"https:\\\/\\\/schema.org\",\"@graph\":[{\"@type\":\"WebPage\",\"@id\":\"https:\\\/\\\/www.snek.se\\\/de\\\/treffen-mit-fredrik\\\/\",\"url\":\"https:\\\/\\\/www.snek.se\\\/de\\\/treffen-mit-fredrik\\\/\",\"name\":\"Treffen mit Fredrik | Sn\u00eak\",\"isPartOf\":{\"@id\":\"https:\\\/\\\/www.snek.se\\\/de\\\/#website\"},\"datePublished\":\"2026-04-08T17:16:00+00:00\",\"dateModified\":\"2026-04-08T22:08:11+00:00\",\"description\":\"Boka ett m\u00f6te med Fredrik. V\u00e4lj en tid som passar dig f\u00f6r att diskutera ditt k\u00f6ksprojekt.\",\"breadcrumb\":{\"@id\":\"https:\\\/\\\/www.snek.se\\\/de\\\/treffen-mit-fredrik\\\/#breadcrumb\"},\"inLanguage\":\"de-DE\",\"potentialAction\":[{\"@type\":\"ReadAction\",\"target\":[\"https:\\\/\\\/www.snek.se\\\/de\\\/treffen-mit-fredrik\\\/\"]}]},{\"@type\":\"BreadcrumbList\",\"@id\":\"https:\\\/\\\/www.snek.se\\\/de\\\/treffen-mit-fredrik\\\/#breadcrumb\",\"itemListElement\":[{\"@type\":\"ListItem\",\"position\":1,\"name\":\"Hem\",\"item\":\"https:\\\/\\\/www.snek.se\\\/de\\\/\"},{\"@type\":\"ListItem\",\"position\":2,\"name\":\"Treffen mit Fredrik\"}]},{\"@type\":\"WebSite\",\"@id\":\"https:\\\/\\\/www.snek.se\\\/de\\\/#website\",\"url\":\"https:\\\/\\\/www.snek.se\\\/de\\\/\",\"name\":\"Sn\u00eak\",\"description\":\"Handgefertigte K\u00fcchen aus Norrbotten\",\"publisher\":{\"@id\":\"https:\\\/\\\/www.snek.se\\\/de\\\/#organization\"},\"potentialAction\":[{\"@type\":\"SearchAction\",\"target\":{\"@type\":\"EntryPoint\",\"urlTemplate\":\"https:\\\/\\\/www.snek.se\\\/de\\\/?s={search_term_string}\"},\"query-input\":{\"@type\":\"PropertyValueSpecification\",\"valueRequired\":true,\"valueName\":\"search_term_string\"}}],\"inLanguage\":\"de-DE\"},{\"@type\":\"Organization\",\"@id\":\"https:\\\/\\\/www.snek.se\\\/de\\\/#organization\",\"name\":\"Sn\u00eak\",\"url\":\"https:\\\/\\\/www.snek.se\\\/de\\\/\",\"logo\":{\"@type\":\"ImageObject\",\"inLanguage\":\"de-DE\",\"@id\":\"https:\\\/\\\/www.snek.se\\\/de\\\/#\\\/schema\\\/logo\\\/image\\\/\",\"url\":\"https:\\\/\\\/www.snek.se\\\/wp-content\\\/uploads\\\/2026\\\/01\\\/snek-logotyp-insta-scaled.jpg\",\"contentUrl\":\"https:\\\/\\\/www.snek.se\\\/wp-content\\\/uploads\\\/2026\\\/01\\\/snek-logotyp-insta-scaled.jpg\",\"width\":2560,\"height\":2560,\"caption\":\"Sn\u00eak\"},\"image\":{\"@id\":\"https:\\\/\\\/www.snek.se\\\/de\\\/#\\\/schema\\\/logo\\\/image\\\/\"},\"sameAs\":[\"https:\\\/\\\/www.facebook.com\\\/snekkitchens\\\/\",\"https:\\\/\\\/www.instagram.com\\\/snek.kok\\\/\",\"https:\\\/\\\/www.linkedin.com\\\/company\\\/snek-kok\\\/\",\"https:\\\/\\\/se.pinterest.com\\\/SnekKitchens\\\/\",\"https:\\\/\\\/www.youtube.com\\\/channel\\\/UCT9DWn-4DMpKHHqbRXV4bZQ\\\/\"]}]}<\/script>\n<!-- \/ Yoast SEO plugin. -->","yoast_head_json":{"title":"Treffen mit Fredrik | Sn\u00eak","description":"Boka ett m\u00f6te med Fredrik. V\u00e4lj en tid som passar dig f\u00f6r att diskutera ditt k\u00f6ksprojekt.","robots":{"index":"index","follow":"follow","max-snippet":"max-snippet:-1","max-image-preview":"max-image-preview:large","max-video-preview":"max-video-preview:-1"},"canonical":"https:\/\/www.snek.se\/de\/treffen-mit-fredrik\/","og_locale":"de_DE","og_type":"article","og_title":"Treffen mit Fredrik | Sn\u00eak","og_description":"Boka ett m\u00f6te med Fredrik. V\u00e4lj en tid som passar dig f\u00f6r att diskutera ditt k\u00f6ksprojekt.","og_url":"https:\/\/www.snek.se\/de\/treffen-mit-fredrik\/","og_site_name":"Sn\u00eak","article_publisher":"https:\/\/www.facebook.com\/snekkitchens\/","article_modified_time":"2026-04-08T22:08:11+00:00","twitter_card":"summary_large_image","twitter_misc":{"Est. reading time":"1 minute"},"schema":{"@context":"https:\/\/schema.org","@graph":[{"@type":"WebPage","@id":"https:\/\/www.snek.se\/de\/treffen-mit-fredrik\/","url":"https:\/\/www.snek.se\/de\/treffen-mit-fredrik\/","name":"Treffen mit Fredrik | Sn\u00eak","isPartOf":{"@id":"https:\/\/www.snek.se\/de\/#website"},"datePublished":"2026-04-08T17:16:00+00:00","dateModified":"2026-04-08T22:08:11+00:00","description":"Boka ett m\u00f6te med Fredrik. V\u00e4lj en tid som passar dig f\u00f6r att diskutera ditt k\u00f6ksprojekt.","breadcrumb":{"@id":"https:\/\/www.snek.se\/de\/treffen-mit-fredrik\/#breadcrumb"},"inLanguage":"de-DE","potentialAction":[{"@type":"ReadAction","target":["https:\/\/www.snek.se\/de\/treffen-mit-fredrik\/"]}]},{"@type":"BreadcrumbList","@id":"https:\/\/www.snek.se\/de\/treffen-mit-fredrik\/#breadcrumb","itemListElement":[{"@type":"ListItem","position":1,"name":"Hem","item":"https:\/\/www.snek.se\/de\/"},{"@type":"ListItem","position":2,"name":"Treffen mit Fredrik"}]},{"@type":"WebSite","@id":"https:\/\/www.snek.se\/de\/#website","url":"https:\/\/www.snek.se\/de\/","name":"Sn\u00eak","description":"Handgefertigte K\u00fcchen aus Norrbotten","publisher":{"@id":"https:\/\/www.snek.se\/de\/#organization"},"potentialAction":[{"@type":"SearchAction","target":{"@type":"EntryPoint","urlTemplate":"https:\/\/www.snek.se\/de\/?s={search_term_string}"},"query-input":{"@type":"PropertyValueSpecification","valueRequired":true,"valueName":"search_term_string"}}],"inLanguage":"de-DE"},{"@type":"Organization","@id":"https:\/\/www.snek.se\/de\/#organization","name":"Sn\u00eak","url":"https:\/\/www.snek.se\/de\/","logo":{"@type":"ImageObject","inLanguage":"de-DE","@id":"https:\/\/www.snek.se\/de\/#\/schema\/logo\/image\/","url":"https:\/\/www.snek.se\/wp-content\/uploads\/2026\/01\/snek-logotyp-insta-scaled.jpg","contentUrl":"https:\/\/www.snek.se\/wp-content\/uploads\/2026\/01\/snek-logotyp-insta-scaled.jpg","width":2560,"height":2560,"caption":"Sn\u00eak"},"image":{"@id":"https:\/\/www.snek.se\/de\/#\/schema\/logo\/image\/"},"sameAs":["https:\/\/www.facebook.com\/snekkitchens\/","https:\/\/www.instagram.com\/snek.kok\/","https:\/\/www.linkedin.com\/company\/snek-kok\/","https:\/\/se.pinterest.com\/SnekKitchens\/","https:\/\/www.youtube.com\/channel\/UCT9DWn-4DMpKHHqbRXV4bZQ\/"]}]}},"_links":{"self":[{"href":"https:\/\/www.snek.se\/de\/wp-json\/wp\/v2\/pages\/155289","targetHints":{"allow":["GET"]}}],"collection":[{"href":"https:\/\/www.snek.se\/de\/wp-json\/wp\/v2\/pages"}],"about":[{"href":"https:\/\/www.snek.se\/de\/wp-json\/wp\/v2\/types\/page"}],"replies":[{"embeddable":true,"href":"https:\/\/www.snek.se\/de\/wp-json\/wp\/v2\/comments?post=155289"}],"version-history":[{"count":2,"href":"https:\/\/www.snek.se\/de\/wp-json\/wp\/v2\/pages\/155289\/revisions"}],"predecessor-version":[{"id":155867,"href":"https:\/\/www.snek.se\/de\/wp-json\/wp\/v2\/pages\/155289\/revisions\/155867"}],"wp:attachment":[{"href":"https:\/\/www.snek.se\/de\/wp-json\/wp\/v2\/media?parent=155289"}],"curies":[{"name":"wp","href":"https:\/\/api.w.org\/{rel}","templated":true}]}}

<div data-elementor-type="wp-page" data-elementor-id="155289" class="elementor elementor-155289 elementor-25508" data-elementor-post-type="page">
				<div class="elementor-element elementor-element-f902dbf e-flex e-con-boxed e-con e-parent" data-id="f902dbf" data-element_type="container" data-e-type="container">
					<div class="e-con-inner">
		<div class="elementor-element elementor-element-636bcb4 e-con-full e-flex e-con e-child" data-id="636bcb4" data-element_type="container" data-e-type="container">
				<div class="elementor-element elementor-element-5d7fdb8 elementor-widget elementor-widget-heading" data-id="5d7fdb8" data-element_type="widget" data-e-type="widget" data-widget_type="heading.default">
				<div class="elementor-widget-container">
					<h2 class="elementor-heading-title elementor-size-default">Termin buchen mit Fredrik</h2>				</div>
				</div>
				<div class="elementor-element elementor-element-b2d845d elementor-widget__width-initial elementor-widget elementor-widget-text-editor" data-id="b2d845d" data-element_type="widget" data-e-type="widget" data-widget_type="text-editor.default">
				<div class="elementor-widget-container">
									<p style="text-align: center;" data-start="230" data-end="476">Hier können Sie ganz einfach einen Termin mit Fredrik buchen. Wählen Sie eine Zeit, die Ihnen passt, und wir nehmen es von dort.</p>								</div>
				</div>
				</div>
					</div>
				</div>
		<div class="elementor-element elementor-element-d799f2c e-con-full e-flex e-con e-parent" data-id="d799f2c" data-element_type="container" data-e-type="container" data-settings="{&quot;background_background&quot;:&quot;classic&quot;}">
		<div class="elementor-element elementor-element-81630c2 e-con-full e-flex e-con e-child" data-id="81630c2" data-element_type="container" data-e-type="container">
				<div class="elementor-element elementor-element-80ec07a elementor-widget elementor-widget-text-editor" data-id="80ec07a" data-element_type="widget" data-e-type="widget" data-widget_type="text-editor.default">
				<div class="elementor-widget-container">
									<p>u00a0<iframe src="https://www.snek.se/de/wp-json/ssa/v1/embed-inner?integration&#038;type=mote-med-fredrik&#038;label&#038;types=3&#038;edit&#038;view&#038;payment_provider&#038;ssa_locale=de_DE&#038;ssa_is_rtl&#038;sid=168339bd69f98def320eef842ebc4e529f991ecc&#038;availability_start_date&#038;availability_end_date&#038;suggest_first_available&#038;suggest_first_available_within_minutes&#038;flow&#038;fallback_flow&#038;time_view&#038;date_view&#038;appointment_types_view&#038;version&#038;accent_color&#038;background&#038;padding&#038;font&#038;booking_url=https%3A%2F%2Fwww.snek.se%2Fde%2Ftreffen-mit-fredrik%2F&#038;booking_post_id=155289&#038;booking_title=Treffen+mit+Fredrik&#038;_wpnonce=6b4e1b3273&#038;redirect_post_id&#038;mepr_membership_id#/" height="400px" width="100%" name="ssa_booking" loading="eager" frameborder="0" data-skip-lazy="1" class="ssa_booking_iframe skip-lazy" title="Book a time"></iframe></p>								</div>
				</div>
				</div>
				</div>
				</div>

<p>Treffen mit Fredrik buchen Hier können Sie ganz einfach einen Termin mit Fredrik buchen. Wählen Sie eine Zeit, die Ihnen passt, und wir nehmen es von dort.  </p>

<!-- This site is optimized with the Yoast SEO plugin v27.3 - https://yoast.com/product/yoast-seo-wordpress/ -->
<title>Treffen mit Fredrik | Snêk</title>
<meta name="description" content="Boka ett möte med Fredrik. Välj en tid som passar dig för att diskutera ditt köksprojekt." />
<meta name="robots" content="index, follow, max-snippet:-1, max-image-preview:large, max-video-preview:-1" />
<link rel="canonical" href="https://www.snek.se/de/treffen-mit-fredrik/" />
<meta property="og:locale" content="de_DE" />
<meta property="og:type" content="article" />
<meta property="og:title" content="Treffen mit Fredrik | Snêk" />
<meta property="og:description" content="Boka ett möte med Fredrik. Välj en tid som passar dig för att diskutera ditt köksprojekt." />
<meta property="og:url" content="https://www.snek.se/de/treffen-mit-fredrik/" />
<meta property="og:site_name" content="Snêk" />
<meta property="article:publisher" content="https://www.facebook.com/snekkitchens/" />
<meta property="article:modified_time" content="2026-04-08T22:08:11+00:00" />
<meta name="twitter:card" content="summary_large_image" />
<meta name="twitter:label1" content="Est. reading time" />
	<meta name="twitter:data1" content="1 minute" />
<script type="application/ld+json" class="yoast-schema-graph">{"@context":"https:\/\/schema.org","@graph":[{"@type":"WebPage","@id":"https:\/\/www.snek.se\/de\/treffen-mit-fredrik\/","url":"https:\/\/www.snek.se\/de\/treffen-mit-fredrik\/","name":"Treffen mit Fredrik | Snêk","isPartOf":{"@id":"https:\/\/www.snek.se\/de\/#website"},"datePublished":"2026-04-08T17:16:00+00:00","dateModified":"2026-04-08T22:08:11+00:00","description":"Boka ett möte med Fredrik. Välj en tid som passar dig för att diskutera ditt köksprojekt.","breadcrumb":{"@id":"https:\/\/www.snek.se\/de\/treffen-mit-fredrik\/#breadcrumb"},"inLanguage":"de-DE","potentialAction":[{"@type":"ReadAction","target":["https:\/\/www.snek.se\/de\/treffen-mit-fredrik\/"]}]},{"@type":"BreadcrumbList","@id":"https:\/\/www.snek.se\/de\/treffen-mit-fredrik\/#breadcrumb","itemListElement":[{"@type":"ListItem","position":1,"name":"Hem","item":"https:\/\/www.snek.se\/de\/"},{"@type":"ListItem","position":2,"name":"Treffen mit Fredrik"}]},{"@type":"WebSite","@id":"https:\/\/www.snek.se\/de\/#website","url":"https:\/\/www.snek.se\/de\/","name":"Snêk","description":"Handgefertigte Küchen aus Norrbotten","publisher":{"@id":"https:\/\/www.snek.se\/de\/#organization"},"potentialAction":[{"@type":"SearchAction","target":{"@type":"EntryPoint","urlTemplate":"https:\/\/www.snek.se\/de\/?s={search_term_string}"},"query-input":{"@type":"PropertyValueSpecification","valueRequired":true,"valueName":"search_term_string"}}],"inLanguage":"de-DE"},{"@type":"Organization","@id":"https:\/\/www.snek.se\/de\/#organization","name":"Snêk","url":"https:\/\/www.snek.se\/de\/","logo":{"@type":"ImageObject","inLanguage":"de-DE","@id":"https:\/\/www.snek.se\/de\/#\/schema\/logo\/image\/","url":"https:\/\/www.snek.se\/wp-content\/uploads\/2026\/01\/snek-logotyp-insta-scaled.jpg","contentUrl":"https:\/\/www.snek.se\/wp-content\/uploads\/2026\/01\/snek-logotyp-insta-scaled.jpg","width":2560,"height":2560,"caption":"Snêk"},"image":{"@id":"https:\/\/www.snek.se\/de\/#\/schema\/logo\/image\/"},"sameAs":["https:\/\/www.facebook.com\/snekkitchens\/","https:\/\/www.instagram.com\/snek.kok\/","https:\/\/www.linkedin.com\/company\/snek-kok\/","https:\/\/se.pinterest.com\/SnekKitchens\/","https:\/\/www.youtube.com\/channel\/UCT9DWn-4DMpKHHqbRXV4bZQ\/"]}]}</script>
<!-- / Yoast SEO plugin. -->

Treffen mit Fredrik | Snêk

Boka ett möte med Fredrik. Välj en tid som passar dig för att diskutera ditt köksprojekt.

Snêk

Handgefertigte Küchen aus Norrbotten
